ber?
False
Suppose 612*l = 613*l - 4*q - 256983, -2*q = -l + 256975. Is l prime?
True
Let s(g) = g**2 - 28*g + 78. Let a be s(3). Let c be 304/6 - (-4)/(-6). Suppose 2*k = -o - a*k - 1, -c = -4*o - 2*k. Is o a prime number?
False
Let f be -3 + -2 + 12/1. Suppose 0 = -f*n - n + 17024. Suppose v + 0 = 3, 4*o - n = -4*v. Is o a prime number?
False
Let y(c) = -12*c**3 - 9*c**2 + 2*c - 6. Let s be y(-5). Let g = s - 540. Is g a composite number?
False
Suppose -4*k + 2*l - 6*l + 431392 = 0, -3*k + 5*l = -323520. Is k composite?
True
Let g = 224 + -215. Is g/27 + (-6)/27*-9237 composite?
False
Let g be (198/5)/2 + 13/65. Is (-194)/6*-61 - g/(-30) a composite number?
False
Let p = 427113 - 148706. Is p prime?
False
Let n = 137307 + 28750. Is n prime?
False
Let p be -1 + 6019 - (-1 - -7). Let f = p - 3193. Is f prime?
True
Let j(v) be the first derivative of 4*v**3/3 + v**2 + 6*v + 40. Let w be j(0). Let f(d) = 6*d**3 + 5*d**2 + 8*d - 13. Is f(w) a prime number?
True
Suppose -55 = -4*t - 35. Suppose 0 = 4*f + 3*b - 4765, 4131 + 1802 = t*f - 4*b. Is f a composite number?
True
Let w = 2127196 + -1186187. Is w composite?
False
Let y(p) = p**3 + 50*p**2 - 372*p + 2. Is y(27) a prime number?
True
Let q = -22605 + -16413. Let b = q - -58183. Is b composite?
True
Let r(o) = o + 120*o**2 - 13 + 10 + 5 + 0. Is r(1) a composite number?
True
Let g(r) = 789*r - 38. Let y = -498 - -503. Is g(y) composite?
False
Is (4446218/8)/(587/2348) prime?
False
Is 135/180*(-4)/(-5) + 2494964/10 prime?
True
Suppose 0 = 265*t - 228*t - 7214926. Is t a composite number?
True
Suppose -o - 37 + 153 = 0. Suppose -4*p + 4*n - o = -0*p, -4*p = -5*n + 118. Is 4 - p/9*10*31 a composite number?
True
Suppose u - 75 = -0*u. Let r = -861 - -831. Is 3*(30/u - 5098/r) prime?
False
Let p(l) = -226*l - 21. Suppose 2*q + 4*b - 4 = 0, 9*q - 5*b - 39 = 6*q. Let c be 1*q/(-1 + -3). Is p(c) composite?
False
Let z = 660962 + -409845. Is z a prime number?
True
Let i(z) = z - 12. Let s be i(10). Is ((-1471)/s)/(9/18) composite?
False
Suppose -518 = -16*y - 13606. Is ((-7)/(-21)*y)/(2/(-3)) composite?
False
Let q(r) be the first derivative of -19*r**2/2 + 149*r - 78. Is q(0) prime?
True
Let h be 3/(-2) + 584/(-16). Let d(a) = a**3 + 41*a**2 + 6*a - 55. Is d(h) composite?
False
Let n(t) = -1353*t + 8. Let u be -3 + 100/55 - (-2)/11. Is n(u) a composite number?
False
Let h(q) = -287*q**2 - 7*q - 20. Let w(b) = 287*b**2 + 6*b + 18. Let r(s) = 6*h(s) + 7*w(s). Is r(-5) prime?
False
Let k(p) = -p**2 + 1061. Suppose -5*w + 11*w = 24. Suppose w*d + 0*d = 2*d. Is k(d) a composite number?
False
Let w(t) = 8*t**2 - 4*t - 11. Let r = 51 - 47. Let c = r - -6. Is w(c) prime?
False
Suppose 2*l - 15*c + 16*c = 1510661, 5*l - 3776648 = -c. Is l a composite number?
False
Let z(v) = 6*v + 50. Let w be z(-9). Is 56691*8/16*w/(-6) a prime number?
False
Is ((-73204)/(-24))/(27/162) composite?
False
Let f = -95 + 14. Let z = 92 + f. Suppose -z*g + 743 = -11786. Is g prime?
False
Let s(p) = -1725*p + 937. Is s(-102) a composite number?
False
Let w = 65 + -85. Is 36/(-15) + 3 + (-3568)/w composite?
False
Suppose -k - 3 = -8. Suppose -8 = 2*i - 20. Suppose -k*s = i*d - 11*d + 1690, -4*s - 329 = -d. Is d composite?
True
Let u be (-1)/(6*2/13764 + 0). Let l(o) = -4*o**3 + o + 3. Let h be l(5). Let g = h - u. Is g composite?
True
Let n(p) be the second derivative of -257*p**3/3 + 109*p**2/2 - 5*p - 9. Is n(-3) prime?
False
Let r(a) = 210*a. Let g be r(1). Suppose -4*m - g = 446. Let h = 493 + m. Is h a prime number?
False
Let v(k) = 22*k**2 + 44*k - 370. Is v(12) prime?
False
Let n(r) be the second derivative of r**5/10 - 5*r**4/12 + 5*r**3/6 - 11*r**2/2 - 3*r - 31. Let q be (-9)/(-6)*10/3. Is n(q) prime?
True
Suppose -894 = -2*r + 498. Let k = 1567 - 190. Let m = k + r. Is m a prime number?
False
Let l(a) = 1422*a**3 + 62*a**2 + 6*a - 13. Is l(5) prime?
True
Suppose 0 = 10*t + 5*t + 571740. Is t/(-28) + (-4)/14 prime?
True
Let y(x) = 20*x - 6. Let l be y(6). Let u(s) = 64*s**3 + s**2 - s - 1. Let a be u(-1). Let k = l + a. Is k a composite number?
True
Let z be -3 + (1 - 1) + 25/5. Suppose 0*h + 6 = -h + 2*d, -z*d = -2*h - 4. Suppose 7*n - 3505 = h*n. Is n composite?
False
Suppose -283*i + 374230 = -273*i. Is i composite?
False
Let h = 213 - 213. Suppose h = 22*y - 11*y - 55627. Is y prime?
False
Let p(w) = 916*w**3 + 7*w**2 - 71*w + 1. Is p(6) composite?
False
Let k(s) be the first derivative of 26*s**3/3 - 135*s + 72. Is k(-16) a composite number?
False
Let b(h) = -4*h + 18. Let u be b(11). Let d = -23 - u. Suppose g + 5*z = -2*g + 3178, 4247 = 4*g - d*z. Is g composite?
False
Let v = 62343 - 15620. Is v composite?
False
Suppose 3*j - 32577 = 3*x, -35558 = -3*j + x - 2975. Suppose 0 = -0*v + 2*v - j. Suppose 3*s = -0*g + 3*g - 3273, 5*g + s = v. Is g a prime number?
True
Suppose -85*s + 14240917 = -52*s + 2320954. Is s a prime number?
True
Let y(q) = 1781*q + 215. Let p(w) = 445*w + 53. Let i(u) = 9*p(u) - 2*y(u). Is i(4) a composite number?
True
Let x = 5338 - 8876. Let q = x + 7779. Is q composite?
False
Suppose 4*v - 18 = 14. Let l(t) = -t**3 + 5*t**2 + 12*t - 11. Let i be l(v). Let c = i - -285. Is c a composite number?
True
Let a = -7 + 10. Suppose 0*j = a*j - 9. Suppose 2*p = 5*c + 3104 + 5725, 4*p + j*c = 17671. Is p a prime number?
False
Let j = 6 + -1. Suppose -4*q + 9*q = 5*i - 25, 2*i - 6 = -2*q. Is q + j + (4 - -2) prime?
False
Let v = -953087 + 1928526. Is v composite?
False
Suppose 3*u + g + 37 = 0, -5*g - 55 = 5*u - 0*g. Let j(k) be the second derivative of k**4/6 + k**3 - 37*k**2/2 - 12*k + 15. Is j(u) composite?
False
Suppose 3925 + 7760 = -3*z. Let t = z + 2273. Let r = t - -2289. Is r a prime number?
False
Let b = 20 + -21. Let a be 12 + -8 + (b - -2). Let h(p) = 90*p - 7. Is h(a) a composite number?
False
Let h(y) = 329*y + 53. Let s be h(15). Let d = s + -31. Is d prime?
True
Let x be (1 + 1)*6/(-12). Let r be x - (0 - (-1 + 4) - 0). Suppose 0 = -r*i - 5*t + 183, 6*i - 286 = 3*i + 4*t. Is i a composite number?
True
Let r = 58366 + -29243. Is r composite?
False
Suppose 3*y = -0*y - 5*s - 11, 2*s + 8 = 0. Suppose -6095 = y*w - 3*j - 27017, -5*w = -j - 34858. Is w a prime number?
True
Suppose 16233 = 29*y - 12564. Suppose y + 16019 = 4*f. Is f composite?
False
Let r be 10218/8*(-4)/(-3). Is (r/2 - 7)/((-6)/(-20)) a composite number?
True
Let g be (10/3)/((-22)/37257) + -1. Let l = g - -10923. Is l a composite number?
True
Suppose 168*z - 172*z = 4*m - 1626660, -2*z - 4*m = -813338. Is z a prime number?
True
Let r = -96639 - -182698. Is r a prime number?
False
Let f(z) = -576*z - 3215. Is f(-38) prime?
False
Suppose -5*x = 3*z - 2234, 2231 = 16*z - 13*z + 2*x. Is z + (-11)/(55/(-30)) a prime number?
False
Is 5221 - -6*98/(-42) composite?
True
Let t = -3224 - 755. Let z = t - -821. Is 12/(-20) - z/5 a prime number?
True
Let t(g) = g**3 - 3*g**2 - 2*g - 31. Suppose 0 = 8*v - 5 - 43. Is t(v) composite?
True
Let d be (-10)/8 + (-45)/(-36). Suppose d = -2*q - 5*h - 2379, 2349 = -q - q + h. Let b = 2450 + q. Is b a prime number?
False
Let d(p) = 29*p**2 + 4*p + 17. Let u be d(-6). Let y = -570 + u. Is y a prime number?
True
Suppose 41*o - 1007599 - 1440306 = 0. Suppose -18*n + 46873 = -o. Is n prime?
False
Let y = -233 + 236. Is 16509/y + 15/((-15)/(-4)) a prime number?
True
Suppose -8*y = -449594 - 594350. Is y a composite number?
True
Let c(i) = -6*i**2 + 3 + 5 - 2*i**3 + i + i**3. Let v be c(-6). Suppose 2364 = 3*g - 3*n, 5*g - v*n - n - 3938 = 0. Is g a composite number?
False
Let g(x) = 8*x**2 + 2*x - 20. Let w be g(-6). Suppose 0 = 5*j - 9219 - 7216. Suppose w + j = 3*o. Is o a prime number?
True
Let q be (16/20*3)/(6/15). Let a be (-57)/q*40 - 0. Let t = -177 - a. Is t prime?
False
Let l = 59327 - -66002. Is l a prime number?
True
Let k(h) be the first derivative of -13387*h**2/2 + 4*h - 141. Is k(-1) composite?
True
Suppose -451 = -x - 3*x + 3*i, 4*x + 3*i = 421. Let w(z) = -159*z - 23 - x*z + 56. Is w(-14) a composite number?
True
Suppose 1715 - 21975 = -5*u. Let t = -561 + u. Is t a composite number?
False
Let n(i) = 26*i**2 - i - 2. Let v be n(-7). Let c = v - -3450. Is c a composite number?
False
Let z be 42*(4 - 263/(-2)). Let p = -3200 + z. Is p a prime number?
False
Suppose -38 = 6*a + 40. Let l =